 -3*x - 4. Let c be v(-14). What is the greatest common factor of c and g?
19
Let b be 3/(-6)*14/(-1 - 6). Let y(a) = 14*a + 31. Let v be y(b). Calculate the highest common divisor of v and 240.
15
Let h be 45 + 49/(-14) + 4/(32/(-12)). Calculate the highest common divisor of 770 and h.
10
Suppose 0 = -4*b + 2*w + 406, 9*w = 8*w + 5. Calculate the greatest common factor of 637 and b.
13
Let j be ((-6)/(-8) - -1)*4. Suppose -j - 95 = -2*z. Let l(a) = -a**3 + 6*a**2 + 3*a - 6. Let d be l(5). What is the highest common factor of z and d?
17
Let j = -7314 + 7332. Suppose 4*z - 5*n - 95 = 0, 3*z - 140 = -z - 4*n. What is the highest common factor of z and j?
6
Let q be 2623 - (5 + ((-32)/(-40) - 4/5)). Calculate the greatest common divisor of q and 44.
22
Let r = -929 - -631. Suppose -4*q - 1708 = -p, -2*q - 454 = -3*p + 390. Let b = r - q. Calculate the highest common factor of 13 and b.
13
Let b(i) = 403*i + 339. Let v be b(3). What is the highest common factor of 252 and v?
36
Let i = 166 - 153. Suppose -18*o = 2*r - i*o + 15, 5*o + 20 = -r. Calculate the highest common divisor of 240 and r.
5
Suppose a + 5*v - 93 = 0, 246 = 2*a + 4*v - 6*v. Calculate the highest common factor of a and 531.
59
Let q = 22 - -58. Suppose -q*v + 74*v + 42 = 0. What is the highest common factor of 56 and v?
7
Suppose 867 = 27*x + 6*x - 7053. Let t(g) = 7*g**2 + g + 2. Let p be t(3). Let q = p - 44. Calculate the highest common divisor of q and x.
24
Suppose 3*h - 6*h + 29 = -5*v, -3*v = 4*h. Let k be (-21)/v + 10/(-8). Calculate the greatest common divisor of 212 and k.
4
Suppose -21*v + 3434 = -2950. Let q = -169 + 185. Calculate the greatest common divisor of q and v.
16
Let q = 677 + -1366. Let m = -682 - q. What is the highest common divisor of 5 and m?
1
Suppose -20*q = -23*q + 12. Let t be 1/q + 172/16. Calculate the highest common factor of t and 143.
11
Suppose 622*b + 5763 = 37485. What is the greatest common factor of b and 22746?
51
Suppose -l = 1 - 6. Suppose 3*i + 3*z = 245 + 91, z = -5*i + 556. Suppose -l*q - 3*j = -q - i, q - 34 = -2*j. What is the greatest common factor of q and 16?
8
Let j(p) = -242*p - 289. Let w be j(-2). What is the greatest common factor of w and 663?
39
Let y be (2 + (-22)/33)/((-10)/(-105)). Let g = 200 + -46. What is the greatest common factor of y and g?
14
Suppose n - i = -129, i - 504 = -0*n + 4*n. Let o be ((-5)/(-15) - n/3)/2. Calculate the highest common factor of o and 217.
7
Let z(n) = 2*n**2 - 6*n - 19. Let t be z(-3). Let v be (t/(-2))/(3 + 111/(-36)). What is the highest common divisor of 153 and v?
51
Let j be (-4)/3*((-78)/24 - -1). Suppose -r - 142 = -j*r. Calculate the highest common factor of 284 and r.
71
Let q = 33733 - 31067. What is the greatest common divisor of 186 and q?
62
Let z = 56 - 32. Suppose 582*j + 12324 = 108*j. Let i = z - j. Calculate the highest common factor of 75 and i.
25
Let c = -7372 + 7462. Calculate the greatest common factor of 690 and c.
30
Let k(m) = m**3 + 12*m**2 + 12*m + 14. Suppose -33 = 4*o - o. Let z be k(o). Let b be 0*5/(-10) - -21. Calculate the highest common divisor of b and z.
3
Let l be (-28)/(-6)*(-9)/(-2). Suppose 3*p + 5*y - 169 = 0, 50*p - y - 130 = 48*p. Calculate the greatest common divisor of l and p.
21
Suppose -2*q - 2808 = -6*q. Let p = -545 - -623. What is the highest common divisor of p and q?
78
Let j be (-150)/(-45)*-3*1/(-5). Suppose 4*s + 3*o = 1601, -4*o - 1636 = -j*s - 2*s. Calculate the greatest common factor of 303 and s.
101
Suppose -49 = -3*u + 2*w + 193, 2*w = 2*u - 162. What is the highest common factor of 5840 and u?
80
Let a be ((-1)/5)/((-201)/11055). Suppose -6*q + 8*q + 28 = 0. Let n = -3 - q. What is the highest common divisor of a and n?
11
Let d be 2/(1/(-44)*-2). Suppose n - 234 = -g - 49, 0 = -5*g + n + 871. What is the highest common factor of d and g?
44
Let b(g) = 10*g - 356. Let i(t) = -15*t + 355. Let z(x) = -6*b(x) - 5*i(x). Let q be z(-23). Calculate the highest common divisor of 24 and q.
8
Let t be ((-4)/(-9))/2 + (-776)/(-72). Suppose j - 62 = t. What is the highest common factor of 365 and j?
73
Let h = 12540 + -10959. Calculate the greatest common divisor of 837 and h.
93
Let o be ((-1680)/119)/(-24)*17. Let b = -32 - -79. Suppose 4*v + 7 = b. What is the greatest common factor of o and v?
10
Let x be (-33 - 0)*13/3. Let n = x + 158. What is the highest common factor of 30 and n?
15
Suppose -4*i + 2*i = -12. Let h(d) = 196*d - 30769. Let k be h(157). What is the greatest common divisor of k and i?
3
Suppose -c = -2*m - 216 + 177, 3*c - 126 = 3*m. Suppose y - 2*h + 38 = 2*y, 0 = -2*y + 3*h + 69. What is the highest common factor of c and y?
9
Let x be 9/45 + ((-92)/10)/1. Let q be (-228)/(-14) + (x - 305/(-35)). Calculate the highest common divisor of q and 176.
16
Suppose 116*m + t - 7982 = 115*m, -2*m - 4*t = -15968. Calculate the greatest common factor of m and 20.
20
Suppose 4 = 1114*q - 1113*q, 6*w = 2*q + 3640. Calculate the greatest common factor of 1184 and w.
32
Let c(o) = -o**2 + 28*o - 8. Let m be (-3)/(-2) + (-105)/(-10). Let j be c(m). Suppose -7*n + 12 = -j. Calculate the greatest common factor of 70 and n.
14
Let f = -93 + 44. Let x = f - -54. Suppose -x = h - 6. What is the greatest common divisor of 7 and h?
1
Let l(w) = -w + 31. Let d be l(25). Suppose d*f - 93 = -87. Calculate the greatest common factor of f and 1.
1
Suppose -3*x + 14 = -m - 0, 0 = -4*x + 5*m + 4. Let y be 362/x + 7 + 220/(-30). What is the highest common divisor of 140 and y?
20
Suppose -144*h + 19071 = 237*h + 108*h. Suppose 250 = 4*x + 5*t, -3*t = 3*x - 5*t - 199. What is the greatest common factor of h and x?
13
Let o be (-4)/5 + 330/(-25). Let s be (o/(-7))/(6/75). Let g = 134 - 129. What is the greatest common divisor of s and g?
5
Let w = -14 + 20. Suppose -5*k + w*k - 6 = 0. Suppose -k*q + 10*q - 28 = 0. What is the greatest common divisor of 7 and q?
7
Suppose 5*u = 3*j - 17202, -9*j + 14*j - u = 28648. What is the highest common divisor of 17 and j?
17
Let a be 17914/286 - (-4)/11. What is the greatest common factor of a and 8232?
21
Let j(i) = -i**2 - 9*i + 27. Let m be j(-8). Suppose -3*u = -2*p + 5*p - 186, -6*u - 4*p + 374 = 0. What is the highest common factor of m and u?
7
Let m be -2 + 548*20/80. Calculate the greatest common factor of 14715 and m.
135
Suppose 3*j + 216 = 3*r, -4*r + 7*r - 241 = -2*j. Suppose 9*x - 3*s = 6*x + 93, 2*x - r = -s. What is the greatest common divisor of x and 9?
9
Let s be (0 - 1)*-2*78. Suppose 0*b + 4*x = 3*b - 152, 0 = -2*x + 8. Let f = b + -44. What is the greatest common divisor of s and f?
12
Suppose -8*p - g = -3*p - 26, -2*p + 4*g = -6. Suppose -p = -11*v + 105. Calculate the highest common factor of v and 10.
10
Suppose 36*j + 295*j - 14895 = 0. What is the highest common factor of j and 1521?
9
Let m be ((-213)/2)/((-33)/176 + 0). Let s be m/32 + 4/16. Calculate the greatest common factor of s and 144.
18
Suppose 4*m + 18 = 5*m. Suppose 11*c - 10*c = 3. Suppose -c*u = -7*u + 48. Calculate the greatest common divisor of u and m.
6
Let s = -43 + -66. Let o = s + 619. Calculate the greatest common divisor of 10 and o.
10
Suppose -w + 5*u = 10*u + 13, 0 = -4*w + 2*u + 58. Let y(t) = -t**3 + 11*t**2 + 13*t - 5. Let d be y(w). What is the greatest common divisor of 189 and d?
7
Let t = 1789 - 469. Calculate the highest common divisor of t and 1920.
120
Suppose 14*c = -26*c + 320. Let n = 4 - 1. What is the highest common divisor of c and n?
1
Let s be (-6 + 24)*(364/6 + 0). What is the greatest common divisor of 104 and s?
52
Let o(d) = 335*d + 3535. Let k be o(-10). What is the greatest common divisor of k and 2479?
37
Suppose -21 = -3*r + l, 4*r + 268*l - 267*l = 35. Let b be 2 + (2 - (2 + -2)). Let h(x) = 4*x. Let k be h(b). What is the greatest common factor of k and r?
8
Suppose 2*l = -4*m + 25846, -20*m - 25844 = -2*l - 22*m. What is the greatest common factor of 438 and l?
219
Suppose -6*s - 3353 + 10787 = 0. What is the greatest common factor of s and 84?
21
Suppose 0 = 538*n - 534*n + 1760. Let y = n + 552. Calculate the highest common divisor of 77 and y.
7
Let u be 58/(-12) + (-3)/18 - -22. Suppose -5*n = -4*q - 101, 4*n + q = 82 - 18. What is the highest common factor of n